{"id":15,"date":"2019-09-20T07:35:57","date_gmt":"2019-09-20T07:35:57","guid":{"rendered":"https:\/\/kacdedjashpk.com\/?page_id=15"},"modified":"2019-09-20T14:11:19","modified_gmt":"2019-09-20T14:11:19","slug":"home-2","status":"publish","type":"page","link":"https:\/\/kacdedjashpk.com\/","title":{"rendered":"HOME"},"content":{"rendered":"<div class=\"wpb-content-wrapper\"><p>[vc_row el_class=&#8221;kolon&#8221; css=&#8221;.vc_custom_1568969316959{margin-top: -120px !important;}&#8221;][vc_column width=&#8221;1\/3&#8243; el_class=&#8221;kol&#8221;][vc_single_image image=&#8221;37&#8243; img_size=&#8221;full&#8221; alignment=&#8221;center&#8221; image_hovers=&#8221;false&#8221;][vc_custom_heading text=&#8221;Ekspert &amp; Profesionist\u00eb&#8221; font_container=&#8221;tag:h2|font_size:18|text_align:center|color:%23414241&#8243; google_fonts=&#8221;font_family:Open%20Sans%3A300%2C300italic%2Cregular%2Citalic%2C600%2C600italic%2C700%2C700italic%2C800%2C800italic|font_style:600%20bold%20regular%3A600%3Anormal&#8221; css=&#8221;.vc_custom_1568969565256{margin-top: -30px !important;}&#8221;][vc_column_text]<\/p>\n<p style=\"text-align: center;\"><span style=\"color: #414241;\">Shoq\u00ebria \u201dKACDEDJA \u201csh.p.k, me nj\u00eb p\u00ebrvoj\u00eb pune 15-vjecare, operon me profesionaliz\u00ebm n\u00eb fush\u00ebn e nd\u00ebrtimeve civile, rrug\u00ebve e shum\u00eb sh\u00ebrbime t\u00eb tjera.<\/span><\/p>\n<p>[\/vc_column_text][\/vc_column][vc_column width=&#8221;1\/3&#8243; css=&#8221;.vc_custom_1568969723942{background-color: #8cbd3a !important;}&#8221; el_class=&#8221;kolon&#8221;][vc_empty_space height=&#8221;22px&#8221;][vc_custom_heading text=&#8221;15&#8243; font_container=&#8221;tag:h1|font_size:240|text_align:center|color:rgba(255%2C255%2C255%2C0.1)&#8221; google_fonts=&#8221;font_family:Open%20Sans%3A300%2C300italic%2Cregular%2Citalic%2C600%2C600italic%2C700%2C700italic%2C800%2C800italic|font_style:400%20regular%3A400%3Anormal&#8221;][vc_single_image image=&#8221;38&#8243; img_size=&#8221;full&#8221; alignment=&#8221;center&#8221; image_hovers=&#8221;false&#8221; css=&#8221;.vc_custom_1568969995735{margin-top: -90px !important;}&#8221;][vc_custom_heading text=&#8221;Vite Eksperienc\u00eb&#8221; font_container=&#8221;tag:h2|font_size:18|text_align:center|color:%23ffffff&#8221; google_fonts=&#8221;font_family:Open%20Sans%3A300%2C300italic%2Cregular%2Citalic%2C600%2C600italic%2C700%2C700italic%2C800%2C800italic|font_style:600%20bold%20regular%3A600%3Anormal&#8221; css=&#8221;.vc_custom_1568970014884{margin-top: -30px !important;}&#8221;][vc_column_text css=&#8221;.vc_custom_1568970154222{padding-right: 40px !important;padding-left: 40px !important;}&#8221;]<\/p>\n<p style=\"text-align: center;\"><span style=\"color: #ffffff;\">Eksperienca jon\u00eb 15 vjecare n\u00eb k\u00ebt\u00eb fush\u00eb dhe stafi yn\u00eb i kualifikuar dhe me p\u00ebrvoj\u00eb n\u00eb k\u00ebt\u00eb sektor\u00eb p\u00ebrmbush t\u00eb gjitha k\u00ebrkesat e klient\u00ebve.<\/span><\/p>\n<p>[\/vc_column_text][vc_empty_space height=&#8221;7px&#8221;][\/vc_column][vc_column width=&#8221;1\/3&#8243; el_class=&#8221;kol2&#8243;][vc_single_image image=&#8221;39&#8243; img_size=&#8221;full&#8221; alignment=&#8221;center&#8221; image_hovers=&#8221;false&#8221;][vc_custom_heading text=&#8221;Punime Cil\u00ebsore&#8221; font_container=&#8221;tag:h2|font_size:18|text_align:center|color:%23414241&#8243; google_fonts=&#8221;font_family:Open%20Sans%3A300%2C300italic%2Cregular%2Citalic%2C600%2C600italic%2C700%2C700italic%2C800%2C800italic|font_style:600%20bold%20regular%3A600%3Anormal&#8221; css=&#8221;.vc_custom_1568970748997{margin-top: -30px !important;}&#8221;][vc_column_text]<\/p>\n<p style=\"text-align: center;\"><span style=\"color: #414241;\">Shoq\u00ebria jon\u00eb ka kryer nj\u00eb s\u00ebr\u00eb punimesh n\u00eb sektorin publik dhe privat, prov\u00eb k\u00ebto e besueshm\u00ebris\u00eb s\u00eb projekteve tona. Ofrojm\u00eb vet\u00ebm punime cil\u00ebsore dhe rezistente.<\/span><\/p>\n<p>[\/vc_column_text][\/vc_column][\/vc_row][vc_row bg_type=&#8221;image&#8221; parallax_style=&#8221;vcpb-default&#8221; bg_image_new=&#8221;id^40|url^https:\/\/kacdedjashpk.com\/wp-content\/uploads\/2019\/09\/about-bg.png|caption^null|alt^null|title^null|description^null&#8221; bg_image_repeat=&#8221;no-repeat&#8221; bg_img_attach=&#8221;fixed&#8221; bg_override=&#8221;ex-full&#8221;][vc_column width=&#8221;1\/2&#8243;][vc_empty_space height=&#8221;42px&#8221;][vc_custom_heading text=&#8221;Rreth Nesh&#8221; font_container=&#8221;tag:h2|font_size:16|text_align:left|color:%238cbd3a&#8221; google_fonts=&#8221;font_family:Open%20Sans%3A300%2C300italic%2Cregular%2Citalic%2C600%2C600italic%2C700%2C700italic%2C800%2C800italic|font_style:700%20bold%20regular%3A700%3Anormal&#8221; el_class=&#8221;tx&#8221;][vc_custom_heading text=&#8221;Zgjidhja Juaj Ideale&#8221; font_container=&#8221;tag:h2|font_size:40|text_align:left|color:%23414241&#8243; google_fonts=&#8221;font_family:Open%20Sans%3A300%2C300italic%2Cregular%2Citalic%2C600%2C600italic%2C700%2C700italic%2C800%2C800italic|font_style:400%20regular%3A400%3Anormal&#8221; css=&#8221;.vc_custom_1568972056149{margin-top: -5px !important;}&#8221;][vc_custom_heading text=&#8221;P\u00ebr \u00c7do Projekt&#8221; font_container=&#8221;tag:h2|font_size:40|text_align:left|color:%23414241&#8243; google_fonts=&#8221;font_family:Open%20Sans%3A300%2C300italic%2Cregular%2Citalic%2C600%2C600italic%2C700%2C700italic%2C800%2C800italic|font_style:400%20regular%3A400%3Anormal&#8221; css=&#8221;.vc_custom_1568972044264{margin-top: -7px !important;}&#8221;][vc_empty_space][vc_column_text]<\/p>\n<p style=\"text-align: justify;\"><span style=\"color: #414241;\">Kacdedja shpk, operon n\u00eb fush\u00ebn e nd\u00ebrtimeve civile, nd\u00ebrtim rrug\u00ebsh, pastrim grumbullim i mbetjeve urbane q\u00eb dalin nga prishjet e nd\u00ebrtimit, konsulence, projektime punime duro alumini, mir\u00ebmbajtje dhe zhvillim i dekoreve n\u00eb mjedise urbane, shpime pusesh gjeoinxhinierike, meremetime, mir\u00ebmbjatje t\u00eb ndryshme. Grumbullim, ruajtje, transportim dhe trajtim i mbetjeve inerte, t\u00eb parrezikshme etj. Kompania jon\u00eb posedon Kamiona, Fadroma, Eskavator me zinxhir\u00eb, Autobitumatrice, Rrula, Asfaltoshtruese, Bobcat, Minifadroma etj.<\/span><\/p>\n<p>[\/vc_column_text][vc_btn title=&#8221;PUNIMET&#8221; style=&#8221;custom&#8221; custom_background=&#8221;#8cbd3a&#8221; custom_text=&#8221;#ffffff&#8221; shape=&#8221;square&#8221; align=&#8221;left&#8221; link=&#8221;url:https%3A%2F%2Fkacdedjashpk.com%2Findex.php%2Fpunimet-tona%2F|title:PUNIMET%20TONA||&#8221;][\/vc_column][vc_column width=&#8221;1\/2&#8243;][vc_empty_space height=&#8221;42px&#8221;][vc_single_image image=&#8221;41&#8243; img_size=&#8221;360X450&#8243; alignment=&#8221;right&#8221; image_hovers=&#8221;false&#8221;][vc_single_image image=&#8221;42&#8243; img_size=&#8221;260X380&#8243; image_hovers=&#8221;false&#8221; el_class=&#8221;img&#8221; css=&#8221;.vc_custom_1568974297646{margin-right: -70px !important;}&#8221;][\/vc_column][\/vc_row][vc_row][vc_column][vc_empty_space][\/vc_column][\/vc_row][vc_row bg_type=&#8221;image&#8221; parallax_style=&#8221;vcpb-default&#8221; bg_image_new=&#8221;id^45|url^https:\/\/kacdedjashpk.com\/wp-content\/uploads\/2019\/09\/parallax.jpg|caption^null|alt^null|title^null|description^null&#8221; bg_image_repeat=&#8221;no-repeat&#8221; bg_img_attach=&#8221;fixed&#8221; bg_override=&#8221;ex-full&#8221;][vc_column width=&#8221;1\/2&#8243; offset=&#8221;vc_hidden-sm vc_hidden-xs&#8221;][vc_custom_heading text=&#8221;PUNIME&#8221; font_container=&#8221;tag:h2|font_size:14|text_align:left|color:%23ffffff&#8221; google_fonts=&#8221;font_family:Open%20Sans%3A300%2C300italic%2Cregular%2Citalic%2C600%2C600italic%2C700%2C700italic%2C800%2C800italic|font_style:400%20regular%3A400%3Anormal&#8221; el_class=&#8221;tx&#8221;][vc_custom_heading text=&#8221;Shoq\u00ebria jon\u00eb ka kryer nj\u00eb s\u00ebr\u00eb punimesh t\u00eb cilat kan\u00eb q\u00ebn\u00eb n\u00eb sektorin publik dhe privat.&#8221; font_container=&#8221;tag:h2|font_size:20|text_align:left|color:%23ffffff|line_height:1.2&#8243; google_fonts=&#8221;font_family:Open%20Sans%3A300%2C300italic%2Cregular%2Citalic%2C600%2C600italic%2C700%2C700italic%2C800%2C800italic|font_style:400%20regular%3A400%3Anormal&#8221; css=&#8221;.vc_custom_1568975390995{margin-top: -5px !important;padding-right: 50px !important;}&#8221;][vc_empty_space height=&#8221;22px&#8221;]<div class=\"standard-arrow list-divider bullet-top\"><ul>\n<li><span style=\"color: #ffffff;\">Ndertime dhe rikonstruksione shkollash<\/span><\/li>\n<li><span style=\"color: #ffffff;\">Ndertime rrugesh<\/span><\/li>\n<li><span style=\"color: #ffffff;\">Ndertime dhe rikonstruksione spitalesh<\/span><\/li>\n<li><span style=\"color: #ffffff;\">Ambiente sherbimi<\/span><\/li>\n<li><span style=\"color: #ffffff;\">Ndertime dhe rehabilitime sheshesh etj.<\/span><\/li>\n<\/ul>\n<\/div>[vc_empty_space height=&#8221;22px&#8221;][\/vc_column][vc_column width=&#8221;1\/2&#8243; offset=&#8221;vc_hidden-sm vc_hidden-xs&#8221;][vc_custom_heading text=&#8221;KACDEDJA SHPK&#8221; font_container=&#8221;tag:h2|font_size:14|text_align:left|color:%23ffffff&#8221; google_fonts=&#8221;font_family:Open%20Sans%3A300%2C300italic%2Cregular%2Citalic%2C600%2C600italic%2C700%2C700italic%2C800%2C800italic|font_style:400%20regular%3A400%3Anormal&#8221; el_class=&#8221;tx&#8221; css=&#8221;.vc_custom_1568976224141{padding-left: 40px !important;}&#8221;][vc_custom_heading text=&#8221;Ne p\u00ebrdorim mjetet e pun\u00ebs m\u00eb t\u00eb avancuara p\u00ebr t\u00eb siguruar punime cil\u00ebsore dhe projekte afatgjata.&#8221; font_container=&#8221;tag:h2|font_size:20|text_align:left|color:%23ffffff|line_height:1.2&#8243; google_fonts=&#8221;font_family:Open%20Sans%3A300%2C300italic%2Cregular%2Citalic%2C600%2C600italic%2C700%2C700italic%2C800%2C800italic|font_style:400%20regular%3A400%3Anormal&#8221; css=&#8221;.vc_custom_1568976527000{margin-top: -5px !important;padding-right: 20px !important;padding-left: 40px !important;}&#8221;][vc_empty_space height=&#8221;22px&#8221;][vc_custom_heading text=&#8221;+355 69 209 1497&#8243; font_container=&#8221;tag:h2|text_align:left|color:%23ffffff&#8221; google_fonts=&#8221;font_family:Open%20Sans%3A300%2C300italic%2Cregular%2Citalic%2C600%2C600italic%2C700%2C700italic%2C800%2C800italic|font_style:600%20bold%20regular%3A600%3Anormal&#8221; css=&#8221;.vc_custom_1568979416121{padding-left: 40px !important;}&#8221;][vc_empty_space height=&#8221;22px&#8221;][vc_custom_heading text=&#8221;info@kacdedjashpk.com&#8221; font_container=&#8221;tag:h2|text_align:left|color:%23ffffff&#8221; google_fonts=&#8221;font_family:Open%20Sans%3A300%2C300italic%2Cregular%2Citalic%2C600%2C600italic%2C700%2C700italic%2C800%2C800italic|font_style:600%20bold%20regular%3A600%3Anormal&#8221; css=&#8221;.vc_custom_1568979420377{padding-left: 40px !important;}&#8221;][vc_empty_space height=&#8221;22px&#8221;][\/vc_column][\/vc_row][vc_row][vc_column width=&#8221;1\/2&#8243; offset=&#8221;vc_hidden-lg vc_hidden-md&#8221; css=&#8221;.vc_custom_1568983019515{background-image: url(https:\/\/kacdedjashpk.com\/wp-content\/uploads\/2019\/09\/MAIN-1.jpg?id=62) !important;background-position: 0 0 !important;background-repeat: no-repeat !important;}&#8221;][vc_custom_heading text=&#8221;PUNIME&#8221; font_container=&#8221;tag:h2|font_size:14|text_align:left|color:%23ffffff&#8221; google_fonts=&#8221;font_family:Open%20Sans%3A300%2C300italic%2Cregular%2Citalic%2C600%2C600italic%2C700%2C700italic%2C800%2C800italic|font_style:400%20regular%3A400%3Anormal&#8221; el_class=&#8221;tx&#8221;][vc_custom_heading text=&#8221;Shoq\u00ebria jon\u00eb ka kryer nj\u00eb s\u00ebr\u00eb punimesh t\u00eb cilat kan\u00eb q\u00ebn\u00eb n\u00eb sektorin publik dhe privat.&#8221; font_container=&#8221;tag:h2|font_size:20|text_align:left|color:%23ffffff|line_height:1.2&#8243; google_fonts=&#8221;font_family:Open%20Sans%3A300%2C300italic%2Cregular%2Citalic%2C600%2C600italic%2C700%2C700italic%2C800%2C800italic|font_style:400%20regular%3A400%3Anormal&#8221; css=&#8221;.vc_custom_1568975390995{margin-top: -5px !important;padding-right: 50px !important;}&#8221;][vc_empty_space height=&#8221;22px&#8221;]<div class=\"standard-arrow list-divider bullet-top\"><ul>\n<li><span style=\"color: #ffffff;\">Ndertime dhe rikonstruksione shkollash<\/span><\/li>\n<li><span style=\"color: #ffffff;\">Ndertime rrugesh<\/span><\/li>\n<li><span style=\"color: #ffffff;\">Ndertime dhe rikonstruksione spitalesh<\/span><\/li>\n<li><span style=\"color: #ffffff;\">Ambiente sherbimi<\/span><\/li>\n<li><span style=\"color: #ffffff;\">Ndertime dhe rehabilitime sheshesh etj.<\/span><\/li>\n<\/ul>\n<\/div>[vc_empty_space height=&#8221;22px&#8221;][\/vc_column][vc_column width=&#8221;1\/2&#8243; offset=&#8221;vc_hidden-lg vc_hidden-md&#8221; css=&#8221;.vc_custom_1568983032681{background-image: url(https:\/\/kacdedjashpk.com\/wp-content\/uploads\/2019\/09\/MAIN-22.jpg?id=63) !important;background-position: 0 0 !important;background-repeat: no-repeat !important;}&#8221;][vc_custom_heading text=&#8221;KACDEDJA SHPK&#8221; font_container=&#8221;tag:h2|font_size:14|text_align:left|color:%23ffffff&#8221; google_fonts=&#8221;font_family:Open%20Sans%3A300%2C300italic%2Cregular%2Citalic%2C600%2C600italic%2C700%2C700italic%2C800%2C800italic|font_style:400%20regular%3A400%3Anormal&#8221; el_class=&#8221;tx&#8221;][vc_custom_heading text=&#8221;Ne p\u00ebrdorim mjetet e pun\u00ebs m\u00eb t\u00eb avancuara p\u00ebr t\u00eb siguruar punime cil\u00ebsore dhe projekte afatgjata.&#8221; font_container=&#8221;tag:h2|font_size:20|text_align:left|color:%23ffffff|line_height:1.2&#8243; google_fonts=&#8221;font_family:Open%20Sans%3A300%2C300italic%2Cregular%2Citalic%2C600%2C600italic%2C700%2C700italic%2C800%2C800italic|font_style:400%20regular%3A400%3Anormal&#8221; css=&#8221;.vc_custom_1568982904008{margin-top: -5px !important;padding-right: 20px !important;}&#8221;][vc_empty_space height=&#8221;22px&#8221;][vc_custom_heading text=&#8221;+355 69 209 1497&#8243; font_container=&#8221;tag:h2|text_align:left|color:%23ffffff&#8221; google_fonts=&#8221;font_family:Open%20Sans%3A300%2C300italic%2Cregular%2Citalic%2C600%2C600italic%2C700%2C700italic%2C800%2C800italic|font_style:600%20bold%20regular%3A600%3Anormal&#8221;][vc_empty_space height=&#8221;22px&#8221;][vc_custom_heading text=&#8221;info@kacdedjashpk.com&#8221; font_container=&#8221;tag:h2|text_align:left|color:%23ffffff&#8221; google_fonts=&#8221;font_family:Open%20Sans%3A300%2C300italic%2Cregular%2Citalic%2C600%2C600italic%2C700%2C700italic%2C800%2C800italic|font_style:600%20bold%20regular%3A600%3Anormal&#8221;][vc_empty_space height=&#8221;22px&#8221;][\/vc_column][\/vc_row]<\/p>\n<\/div>","protected":false},"excerpt":{"rendered":"<p>[vc_row el_class=&#8221;kolon&#8221; css=&#8221;.vc_custom_1568969316959{margin-top: -120px !important;}&#8221;][vc_column width=&#8221;1\/3&#8243; el_class=&#8221;kol&#8221;][vc_single_image image=&#8221;37&#8243; img_size=&#8221;full&#8221; alignment=&#8221;center&#8221; image_hovers=&#8221;false&#8221;][vc_custom_heading text=&#8221;Ekspert &amp; Profesionist\u00eb&#8221; font_container=&#8221;tag:h2|font_size:18|text_align:center|color:%23414241&#8243; google_fonts=&#8221;font_family:Open%20Sans%3A300%2C300italic%2Cregular%2Citalic%2C600%2C600italic%2C700%2C700italic%2C800%2C800italic|font_style:600%20bold%20regular%3A600%3Anormal&#8221; css=&#8221;.vc_custom_1568969565256{margin-top: -30px !important;}&#8221;][vc_column_text] Shoq\u00ebria \u201dKACDEDJA \u201csh.p.k, me nj\u00eb p\u00ebrvoj\u00eb pune 15-vjecare, operon me profesionaliz\u00ebm n\u00eb fush\u00ebn e nd\u00ebrtimeve civile, rrug\u00ebve e shum\u00eb sh\u00ebrbime t\u00eb tjera. [\/vc_column_text][\/vc_column][vc_column width=&#8221;1\/3&#8243; css=&#8221;.vc_custom_1568969723942{background-color: #8cbd3a !important;}&#8221; el_class=&#8221;kolon&#8221;][vc_empty_space height=&#8221;22px&#8221;][vc_custom_heading text=&#8221;15&#8243; font_container=&#8221;tag:h1|font_size:240|text_align:center|color:rgba(255%2C255%2C255%2C0.1)&#8221; google_fonts=&#8221;font_family:Open%20Sans%3A300%2C300italic%2Cregular%2Citalic%2C600%2C600italic%2C700%2C700italic%2C800%2C800italic|font_style:400%20regular%3A400%3Anormal&#8221;][vc_single_image image=&#8221;38&#8243; img_size=&#8221;full&#8221; alignment=&#8221;center&#8221; image_hovers=&#8221;false&#8221;&hellip;<\/p>\n","protected":false},"author":2,"featured_media":0,"parent":0,"menu_order":0,"comment_status":"closed","ping_status":"closed","template":"","meta":{"footnotes":""},"class_list":["post-15","page","type-page","status-publish","hentry","description-off"],"_links":{"self":[{"href":"https:\/\/kacdedjashpk.com\/index.php\/wp-json\/wp\/v2\/pages\/15","targetHints":{"allow":["GET"]}}],"collection":[{"href":"https:\/\/kacdedjashpk.com\/index.php\/wp-json\/wp\/v2\/pages"}],"about":[{"href":"https:\/\/kacdedjashpk.com\/index.php\/wp-json\/wp\/v2\/types\/page"}],"author":[{"embeddable":true,"href":"https:\/\/kacdedjashpk.com\/index.php\/wp-json\/wp\/v2\/users\/2"}],"replies":[{"embeddable":true,"href":"https:\/\/kacdedjashpk.com\/index.php\/wp-json\/wp\/v2\/comments?post=15"}],"version-history":[{"count":9,"href":"https:\/\/kacdedjashpk.com\/index.php\/wp-json\/wp\/v2\/pages\/15\/revisions"}],"predecessor-version":[{"id":106,"href":"https:\/\/kacdedjashpk.com\/index.php\/wp-json\/wp\/v2\/pages\/15\/revisions\/106"}],"wp:attachment":[{"href":"https:\/\/kacdedjashpk.com\/index.php\/wp-json\/wp\/v2\/media?parent=15"}],"curies":[{"name":"wp","href":"https:\/\/api.w.org\/{rel}","templated":true}]}}